{"id":2227,"date":"2018-06-29T17:57:38","date_gmt":"2018-06-29T20:57:38","guid":{"rendered":"https:\/\/ies9009-mza.infd.edu.ar\/sitio\/consejo-directivo\/"},"modified":"2026-02-26T14:55:26","modified_gmt":"2026-02-26T17:55:26","slug":"consejo-directivo","status":"publish","type":"page","link":"https:\/\/ies9009-infd.mendoza.edu.ar\/sitio\/inicio\/consejo-directivo\/","title":{"rendered":"Consejo Directivo"},"content":{"rendered":"<pre style=\"text-align: center;\"><strong>Miembros del Consejo Directivo<\/strong><\/pre>\n<div  class=\"lgc-column lgc-grid-parent lgc-grid-50 lgc-tablet-grid-50 lgc-mobile-grid-100 lgc-equal-heights \"><div  class=\"inside-grid-column\">\n<h6 style=\"text-align: center;\"><span style=\"color: #333399;\">Consejeros docentes t<\/span><span style=\"color: #333399;\">itulares<\/span><\/h6>\n<p style=\"text-align: center;\">Prof. Canabal, Mar\u00eda Lucrecia<\/p>\n<p style=\"text-align: center;\">Prof. Morasutti, Miguel<\/p>\n<p style=\"text-align: center;\">\u00a0<\/p>\n<p><\/p><\/div><\/div>\n<div  class=\"lgc-column lgc-grid-parent lgc-grid-50 lgc-tablet-grid-50 lgc-mobile-grid-100 lgc-equal-heights \"><div  class=\"inside-grid-column\">\n<h6 style=\"text-align: center;\"><span style=\"color: #333399;\">Consejeros docentes s<\/span><span style=\"color: #333399;\">uplentes<\/span><\/h6>\n<p style=\"text-align: center;\">Lopez, Jos\u00e9 Luis<\/p>\n<p style=\"text-align: center;\">Marincak, Claudia Elizabeth\u00a0<\/p>\n<p style=\"text-align: center;\">\u00a0<\/p>\n<p><\/p><\/div><\/div><div class=\"lgc-clear\"><\/div>\n<p>\u00a0<\/p>\n<div  class=\"lgc-column lgc-grid-parent lgc-grid-50 lgc-tablet-grid-50 lgc-mobile-grid-100 lgc-equal-heights \"><div  class=\"inside-grid-column\">\n<h6 style=\"text-align: center;\"><span style=\"color: #333399;\">Consejeros estudiantes t<\/span><span style=\"color: #333399;\">itulares<\/span><\/h6>\n<p style=\"text-align: center;\">&#8212;<\/p>\n<p><\/p><\/div><\/div>\n<div  class=\"lgc-column lgc-grid-parent lgc-grid-50 lgc-tablet-grid-50 lgc-mobile-grid-100 lgc-equal-heights \"><div  class=\"inside-grid-column\">\n<h6 style=\"text-align: center;\"><span style=\"color: #333399;\">Consejeros estudiantes s<\/span><span style=\"color: #333399;\">uplentes<\/span><\/h6>\n<p style=\"text-align: center;\">&#8212;<\/p>\n<p><\/p><\/div><\/div><div class=\"lgc-clear\"><\/div>\n<p>\u00a0<\/p>\n<div  class=\"lgc-column lgc-grid-parent lgc-grid-50 lgc-tablet-grid-50 lgc-mobile-grid-100 lgc-equal-heights \"><div  class=\"inside-grid-column\">\n<h6 style=\"text-align: center;\"><span style=\"color: #333399;\">Consejeros no docentes t<\/span><span style=\"color: #333399;\">itulares<\/span><\/h6>\n<p style=\"text-align: center;\">Norma Betiana Bucci<\/p>\n<p><\/p><\/div><\/div>\n<div  class=\"lgc-column lgc-grid-parent lgc-grid-50 lgc-tablet-grid-50 lgc-mobile-grid-100 lgc-equal-heights \"><div  class=\"inside-grid-column\">\n<h6 style=\"text-align: center;\"><span style=\"color: #333399;\">Consejeros no docentes s<\/span><span style=\"color: #333399;\">uplentes<\/span><\/h6>\n<p style=\"text-align: center;\">Osorio, Nancy<\/p>\n<p><\/p><\/div><\/div><div class=\"lgc-clear\"><\/div>\n<h6 style=\"text-align: center;\"><span style=\"color: #333399;\">Consejeros Egresados t<\/span><span style=\"color: #333399;\">itulares<\/span><\/h6>\n<p style=\"text-align: center;\">Rodriguez, Juan Jos\u00e9<\/p>\n<h6 style=\"text-align: center;\"><span style=\"color: #333399;\">Consejeros Egresados Suplentes<\/span><\/h6>\n<p style=\"text-align: center;\">Troc Lopez, Mar\u00eda Soledad<\/p>\n<p style=\"text-align: center;\">\u00a0<\/p>\n\n\n<pre class=\"wp-block-preformatted\"><strong>Funcionamiento del Consejo Directivo<\/strong><\/pre>\n\n\n\n<ol>\n<li>Ser convocado y&nbsp; presidido por el Rector.<\/li>\n\n\n\n<li>Se reunir\u00e1 en sesiones ordinarias durante el a\u00f1o lectivo por lo menos una vez al mes, en sesiones extraordinarias cada vez que sea convocado por el rector o a pedido de por lo menos cinco de sus miembros.<\/li>\n\n\n\n<li>Las sesiones ser\u00e1n p\u00fablicas, salvo expresa decisi\u00f3n en contrario de la mayor\u00eda. El Consejo podr\u00e1 &nbsp;invitar a concurrir, sin voto en las sesiones, a toda persona vinculada con los asuntos a tratar.<\/li>\n\n\n\n<li>El Secretario del Instituto oficiar\u00e1 de Secretario de Actas.<\/li>\n\n\n\n<li>En la primera citaci\u00f3n, para adoptar decisiones v\u00e1lidas, sesionar\u00e1 con la presencia de la mitad m\u00e1s uno de sus miembros. En segunda citaci\u00f3n podr\u00e1 sesionar y adoptar resoluciones v\u00e1lidas con los miembros presentes, cualquiera fuere su n\u00famero, siempre que hubieren sido convocados todos sus miembros y comunicado en el orden del d\u00eda. El Secretario certificar\u00e1 en el acta el cumplimiento de estos requisitos y no podr\u00e1 tratar asuntos que no est\u00e9n incluidos en el orden del d\u00eda.<\/li>\n\n\n\n<li>Las decisiones del Consejo se adoptar\u00e1n por la mitad m\u00e1s uno de los votos de los Consejeros presentes. El Rector tendr\u00e1 derecho a voto s\u00f3lo en caso de empate.<\/li>\n\n\n\n<li>Los miembros del Consejo est\u00e1n obligados a concurrir puntualmente a sus sesiones y a desempe\u00f1ar las comisiones que les encomienden.<\/li>\n\n\n\n<li>El consejero que no asistiere a tres sesiones consecutivas o a cinco alternadas, sin aviso previo o sin causa debidamente justificada, autom\u00e1ticamente cesar\u00e1 en su cargo sin necesidad de notificaci\u00f3n alguna, debi\u00e9ndose dar cuenta de la vacante en la pr\u00f3xima sesi\u00f3n.<\/li>\n\n\n\n<li>Los consejeros titulares de la mayor\u00eda ser\u00e1n remplazados por los suplentes de la mayor\u00eda; los consejeros titulares de la minor\u00eda ser\u00e1n remplazados por los suplentes de la minor\u00eda. Si no se completa la lista, y falta alg\u00fan miembro titular, se incorpora el primer titular de la lista que obtuvo la primera minor\u00eda, y as\u00ed sucesivamente hasta agotar el orden de todas las listas.<\/li>\n\n\n\n<li>Para el supuesto de que se agotaran las listas de titulares y\/o suplentes, se&nbsp; convocar\u00e1 al claustro correspondiente para que elija la cantidad de consejeros titulares y suplentes en vacancia.<\/li>\n<\/ol>\n\n\n\n<p><\/p>\n","protected":false},"excerpt":{"rendered":"<p>Miembros del Consejo Directivo \u00a0 \u00a0 Consejeros Egresados titulares Rodriguez, Juan Jos\u00e9 Consejeros Egresados Suplentes Troc Lopez, Mar\u00eda Soledad \u00a0 Funcionamiento del Consejo Directivo<\/p>\n","protected":false},"author":1635,"featured_media":0,"parent":286,"menu_order":0,"comment_status":"closed","ping_status":"closed","template":"","meta":[],"acf":[],"_links":{"self":[{"href":"https:\/\/ies9009-infd.mendoza.edu.ar\/sitio\/wp-json\/wp\/v2\/pages\/2227"}],"collection":[{"href":"https:\/\/ies9009-infd.mendoza.edu.ar\/sitio\/wp-json\/wp\/v2\/pages"}],"about":[{"href":"https:\/\/ies9009-infd.mendoza.edu.ar\/sitio\/wp-json\/wp\/v2\/types\/page"}],"author":[{"embeddable":true,"href":"https:\/\/ies9009-infd.mendoza.edu.ar\/sitio\/wp-json\/wp\/v2\/users\/1635"}],"replies":[{"embeddable":true,"href":"https:\/\/ies9009-infd.mendoza.edu.ar\/sitio\/wp-json\/wp\/v2\/comments?post=2227"}],"version-history":[{"count":30,"href":"https:\/\/ies9009-infd.mendoza.edu.ar\/sitio\/wp-json\/wp\/v2\/pages\/2227\/revisions"}],"predecessor-version":[{"id":10358,"href":"https:\/\/ies9009-infd.mendoza.edu.ar\/sitio\/wp-json\/wp\/v2\/pages\/2227\/revisions\/10358"}],"up":[{"embeddable":true,"href":"https:\/\/ies9009-infd.mendoza.edu.ar\/sitio\/wp-json\/wp\/v2\/pages\/286"}],"wp:attachment":[{"href":"https:\/\/ies9009-infd.mendoza.edu.ar\/sitio\/wp-json\/wp\/v2\/media?parent=2227"}],"curies":[{"name":"wp","href":"https:\/\/api.w.org\/{rel}","templated":true}]}}