{"id":5747,"date":"2020-07-24T17:11:09","date_gmt":"2020-07-24T20:11:09","guid":{"rendered":"https:\/\/ies9009-infd.mendoza.edu.ar\/sitio\/?page_id=5747"},"modified":"2020-07-24T17:11:38","modified_gmt":"2020-07-24T20:11:38","slug":"investigacion-practicas-profesionales-docentes-infod-2018","status":"publish","type":"page","link":"https:\/\/ies9009-infd.mendoza.edu.ar\/sitio\/investigacion-practicas-profesionales-docentes-infod-2018\/","title":{"rendered":"INVESTIGACI\u00d3N: Pr\u00e1cticas profesionales docentes INFOD 2018"},"content":{"rendered":"<ul>\n<li><strong>Informe INFOD 2018<\/strong><\/li>\n<\/ul>\n<p>Esta presentaci\u00f3n describe la magnitud y el desarrollo del Estudio Nacional describiendo las principales coincidencias entre docentes, estudiantes y coformadores. Caracter\u00edsticas de los estudiantes, aprendizajes y capacidades desarrolladas, la interacci\u00f3n de la triada docente formador, coformador y estudiante, la relaci\u00f3n entre el instituto\u00a0 y la escuela, estrategias, recursos y experiencias. Dificultades en la escuela asociada, sentimientos y emociones vividas, reflexiones de los estudiantes. Conclusiones y propuestas.<\/p>\n<pre><a href=\"https:\/\/drive.google.com\/file\/d\/1br6NjSKHCOdGt5Qb03fXM3pwZ_3RJhD0\/view?usp=sharing\" target=\"_blank\" rel=\"noopener\"><strong>ACCEDER A LA INVESTIGACI\u00d3N<\/strong><\/a><\/pre>\n<p>&nbsp;<\/p>\n<ul>\n<li><strong>INFOD Estudio Nacional 2017\/18<\/strong><\/li>\n<\/ul>\n<p>El presente estudio sobre el campo de la formaci\u00f3n en la pr\u00e1ctica arroja conclusiones sumamente fruct\u00edferas respecto de un \u00e1rea crucial de la formaci\u00f3n inicial, que ha venido cobrando relevancia desde la Resoluci\u00f3n N\u00b0 24\/07, que introdujo las pr\u00e1cticas desde el primer a\u00f1o de la formaci\u00f3n. Realizado en m\u00e1s de 100 ISFD y 5 universidades a trav\u00e9s de 2.242 encuestas a profesores y estudiantes, y 533 entrevistas a directores de escuela e ISFD, junto con m\u00e1s de 200 observaciones en escuelas, este estudio revela avances y desaf\u00edos pendientes en este campo de la formaci\u00f3n<strong>.<\/strong><\/p>\n<pre><a href=\"https:\/\/drive.google.com\/file\/d\/1PyST6BXwVC2xCZknogXC29L2yQL7nvSK\/view?usp=sharing\" target=\"_blank\" rel=\"noopener\"><strong>ACCEDER A LA INVESTIGACI\u00d3N<\/strong><\/a><\/pre>\n<p>&nbsp;<\/p>\n","protected":false},"excerpt":{"rendered":"<p>Informe INFOD 2018 Esta presentaci\u00f3n describe la magnitud y el desarrollo del Estudio Nacional describiendo las principales coincidencias entre docentes, estudiantes y coformadores. Caracter\u00edsticas de los estudiantes, aprendizajes y capacidades desarrolladas, la interacci\u00f3n de la triada docente formador, coformador y estudiante, la relaci\u00f3n entre el instituto\u00a0 y la escuela, estrategias, recursos y experiencias. Dificultades en &#8230; <a title=\"INVESTIGACI\u00d3N: Pr\u00e1cticas profesionales docentes INFOD 2018\" class=\"read-more\" href=\"https:\/\/ies9009-infd.mendoza.edu.ar\/sitio\/investigacion-practicas-profesionales-docentes-infod-2018\/\" aria-label=\"More on INVESTIGACI\u00d3N: Pr\u00e1cticas profesionales docentes INFOD 2018\">[+]<\/a><\/p>\n","protected":false},"author":1635,"featured_media":0,"parent":0,"menu_order":0,"comment_status":"closed","ping_status":"closed","template":"","meta":[],"acf":[],"_links":{"self":[{"href":"https:\/\/ies9009-infd.mendoza.edu.ar\/sitio\/wp-json\/wp\/v2\/pages\/5747"}],"collection":[{"href":"https:\/\/ies9009-infd.mendoza.edu.ar\/sitio\/wp-json\/wp\/v2\/pages"}],"about":[{"href":"https:\/\/ies9009-infd.mendoza.edu.ar\/sitio\/wp-json\/wp\/v2\/types\/page"}],"author":[{"embeddable":true,"href":"https:\/\/ies9009-infd.mendoza.edu.ar\/sitio\/wp-json\/wp\/v2\/users\/1635"}],"replies":[{"embeddable":true,"href":"https:\/\/ies9009-infd.mendoza.edu.ar\/sitio\/wp-json\/wp\/v2\/comments?post=5747"}],"version-history":[{"count":1,"href":"https:\/\/ies9009-infd.mendoza.edu.ar\/sitio\/wp-json\/wp\/v2\/pages\/5747\/revisions"}],"predecessor-version":[{"id":5748,"href":"https:\/\/ies9009-infd.mendoza.edu.ar\/sitio\/wp-json\/wp\/v2\/pages\/5747\/revisions\/5748"}],"wp:attachment":[{"href":"https:\/\/ies9009-infd.mendoza.edu.ar\/sitio\/wp-json\/wp\/v2\/media?parent=5747"}],"curies":[{"name":"wp","href":"https:\/\/api.w.org\/{rel}","templated":true}]}}