{"id":5749,"date":"2020-07-24T17:13:41","date_gmt":"2020-07-24T20:13:41","guid":{"rendered":"https:\/\/ies9009-infd.mendoza.edu.ar\/sitio\/?page_id=5749"},"modified":"2020-07-24T17:14:12","modified_gmt":"2020-07-24T20:14:12","slug":"investigacion-paisajes-culturales-de-tupungato-i-ii-y-iii","status":"publish","type":"page","link":"https:\/\/ies9009-infd.mendoza.edu.ar\/sitio\/investigacion-paisajes-culturales-de-tupungato-i-ii-y-iii\/","title":{"rendered":"INVESTIGACI\u00d3N: Paisajes culturales de Tupungato I, II y III."},"content":{"rendered":"<ul>\n<li><strong>Paisajes culturales de Tupungato 1\u00b0 Etapa <\/strong><\/li>\n<\/ul>\n<p>La investigaci\u00f3n-acci\u00f3n surgi\u00f3 a partir de la necesidad de establecer acciones concretas para identificar las modificaciones surgidas en el paisaje cultural de Tupungato, conocer su incidencia en el aspecto socio cultural y detectar las amenazas contra el patrimonio integral, a fin de ofrecer herramientas para la interpretaci\u00f3n del mismo. A trav\u00e9s de las entrevistas y de la observaci\u00f3n participante, los resultados nos permitieron reconstruir parte de la memoria colectiva del departamento, llegando a la conclusi\u00f3n que desde siempre se ha valorado el paisaje natural, pero a la vez, no se da expl\u00edcitamente en el aspecto del patrimonio cultural, por lo que no es evidente para la mayor\u00eda la interrelaci\u00f3n entre ambos.<\/p>\n<pre><a href=\"https:\/\/drive.google.com\/file\/d\/18cm98wBwOxcQJEgaspzQIeI17rNQ7LyU\/view?usp=sharing\" target=\"_blank\" rel=\"noopener\"><strong>ACCEDER A LA INVESTIGACI\u00d3N<\/strong><\/a><\/pre>\n<p>&nbsp;<\/p>\n<ul>\n<li><strong>Paisajes culturales de Tupungato 2\u00b0 Etapa OESTE<\/strong><\/li>\n<\/ul>\n<p>En esta etapa, trabajamos con los cinco distritos que se encuentran en la franja oeste del departamento: La Carrera, San J\u00f3se, Villa Bast\u00edas, Santa Clara, El Peral. En este caso, dentro los 5 distritos, el componente paisaj\u00edstico ambiental, se torna como principal elemento integrador. De acuerdo al desarrollo metodol\u00f3gico ya trabajado, se definieron cuatro tipolog\u00edas de abordaje: Comunidad y desarrollo: lo urbano y lo rural; Bienes Culturales; Patrimonio Paisaj\u00edstico-ambiental y Patrimonio Intangible, las cuales, servir\u00e1n de gu\u00eda y modelo para este tramo del proyecto.<\/p>\n<pre><a href=\"https:\/\/drive.google.com\/file\/d\/1Hw-fe8ReCkTDm0KSQhd8VHhfMn43kSlI\/view?usp=sharing\" target=\"_blank\" rel=\"noopener\"><strong>ACCEDER A LA INVESTIGACI\u00d3N<\/strong><\/a><\/pre>\n<p>&nbsp;<\/p>\n<ul>\n<li><strong>Paisajes culturales de Tupungato 3\u00b0 Etapa ESTE<\/strong><\/li>\n<\/ul>\n<p>El universo de estudio del presente trabajo es todo el bloque del Este de Tupungato, conformado por seis distritos: El Zampal, La Arboleda, Cord\u00f3n del Plata, Anchoris, Zapata y El Zampalito. Prestamos especial atenci\u00f3n al componente social en la construcci\u00f3n del paisaje, enfocando el an\u00e1lisis en la matriz productiva, la diversidad cultural y la din\u00e1mica y accesibilidad de la Ruta Nacional 40.\u00a0 Se trata de un estudio cualitativo que se basa en la interpretaci\u00f3n de las entrevistas realizadas en el terreno, de las observaciones in situ y de la documentaci\u00f3n disponible\u00a0 (normas legislativas, correspondencia, libros, tratados, etc.).<\/p>\n<pre><a href=\"https:\/\/drive.google.com\/file\/d\/1fudJI_QELdfbGv5QqKjFA-P6Y3D_oVvH\/view?usp=sharing\" target=\"_blank\" rel=\"noopener\"><strong>ACCEDER A LA INVESTIGACI\u00d3N<\/strong><\/a><\/pre>\n<p>&nbsp;<\/p>\n","protected":false},"excerpt":{"rendered":"<p>Paisajes culturales de Tupungato 1\u00b0 Etapa La investigaci\u00f3n-acci\u00f3n surgi\u00f3 a partir de la necesidad de establecer acciones concretas para identificar las modificaciones surgidas en el paisaje cultural de Tupungato, conocer su incidencia en el aspecto socio cultural y detectar las amenazas contra el patrimonio integral, a fin de ofrecer herramientas para la interpretaci\u00f3n del mismo. &#8230; <a title=\"INVESTIGACI\u00d3N: Paisajes culturales de Tupungato I, II y III.\" class=\"read-more\" href=\"https:\/\/ies9009-infd.mendoza.edu.ar\/sitio\/investigacion-paisajes-culturales-de-tupungato-i-ii-y-iii\/\" aria-label=\"More on INVESTIGACI\u00d3N: Paisajes culturales de Tupungato I, II y III.\">[+]<\/a><\/p>\n","protected":false},"author":1635,"featured_media":0,"parent":0,"menu_order":0,"comment_status":"closed","ping_status":"closed","template":"","meta":[],"acf":[],"_links":{"self":[{"href":"https:\/\/ies9009-infd.mendoza.edu.ar\/sitio\/wp-json\/wp\/v2\/pages\/5749"}],"collection":[{"href":"https:\/\/ies9009-infd.mendoza.edu.ar\/sitio\/wp-json\/wp\/v2\/pages"}],"about":[{"href":"https:\/\/ies9009-infd.mendoza.edu.ar\/sitio\/wp-json\/wp\/v2\/types\/page"}],"author":[{"embeddable":true,"href":"https:\/\/ies9009-infd.mendoza.edu.ar\/sitio\/wp-json\/wp\/v2\/users\/1635"}],"replies":[{"embeddable":true,"href":"https:\/\/ies9009-infd.mendoza.edu.ar\/sitio\/wp-json\/wp\/v2\/comments?post=5749"}],"version-history":[{"count":1,"href":"https:\/\/ies9009-infd.mendoza.edu.ar\/sitio\/wp-json\/wp\/v2\/pages\/5749\/revisions"}],"predecessor-version":[{"id":5750,"href":"https:\/\/ies9009-infd.mendoza.edu.ar\/sitio\/wp-json\/wp\/v2\/pages\/5749\/revisions\/5750"}],"wp:attachment":[{"href":"https:\/\/ies9009-infd.mendoza.edu.ar\/sitio\/wp-json\/wp\/v2\/media?parent=5749"}],"curies":[{"name":"wp","href":"https:\/\/api.w.org\/{rel}","templated":true}]}}